 1, 4*u + 3*y = 45. Suppose -n + 9*n = 24. Suppose n*r + u = 6*r. What is the units digit of r?
3
Suppose 0 = -4*a + 81 + 51. What is the tens digit of a?
3
Suppose 0 = 5*w + m + m - 2, -3*w = -2*m + 2. Suppose 3*y - 5*y - 2*a + 24 = w, 2*a - 9 = -y. What is the units digit of y?
5
Suppose 7*d - 5*d = 130. What is the tens digit of d?
6
Let d(w) be the third derivative of -3*w**4/8 - 3*w**2. What is the units digit of d(-1)?
9
Let c be (-4)/2 - (-3 - -2). Let s be c/4 - 9/(-4). What is the units digit of (-2 - -1)/(s/(-16))?
8
Let s(a) = -a**2 + 1. Let d be s(-2). Suppose 0 = -0*f - 2*f + 4, -5*k = -2*f + 14. Let p = k - d. What is the units digit of p?
1
Suppose -a + 1 = l, -9 = a + 2*l - 6*l. Let o(q) = -4*q**3 - 2*q - 1. What is the units digit of o(a)?
5
Let j be 5 - 0 - (-5)/(-5). Suppose 3*l = j*l - 11. Let a = l - 5. What is the units digit of a?
6
Suppose 125 = m + 2. What is the hundreds digit of m?
1
Let f(p) = p**2 + 2*p + 4. What is the units digit of f(-2)?
4
Suppose 3*j - 179 = 166. What is the units digit of j?
5
Let a = 4 - 2. Let d(q) = -q + 10. Let p be d(10). Let r = a + p. What is the units digit of r?
2
Let p(l) = -18*l + 3. Let t be p(5). Let v = 127 + t. Suppose -n = 4*n - v. What is the units digit of n?
8
Let s be -5 - (2 - 2/1). What is the units digit of -1 - -7 - 10/s?
8
Let v be ((-2)/(-4))/((-2)/(-20)). Suppose -3*s + 30 = v*a, 4*a = 3*a - 3*s + 6. Suppose a*l + 4 = 7*l. What is the units digit of l?
4
Suppose -5*w = -22 - 53. Let z = -8 + w. What is the units digit of z?
7
Let m(j) = 4*j**2 + j - 2. Suppose -2*k + 3 = 7. What is the units digit of m(k)?
2
What is the tens digit of 10*((-98)/(-4) + 1 + -3)?
2
Let t(m) = -m + 5. Let b be t(0). Suppose b*y - 15 + 5 = 0. What is the units digit of y?
2
Let b(v) = 2*v**3 - v**2 - 2*v - 5. What is the units digit of b(3)?
4
Suppose 0 = -q - a - 3*a + 15, -3*a + 15 = q. What is the units digit of ((-6)/q)/(2/(-20))?
4
Suppose 3*o + 11*o - 1792 = 0. What is the hundreds digit of o?
1
Let l(f) = 0 - f - f - 3 - 1. What is the units digit of l(-7)?
0
Let p = -30 - -57. What is the tens digit of p?
2
Let m be 9/2*4/3. Let v = m - 3. Suppose -11 - v = -2*t. What is the units digit of t?
7
Let g(j) = j**3 + j. Let w be g(0). What is the tens digit of (w + 1 - -26) + -2?
2
Let u be 10/1*(-6)/(-15). Suppose 0*x = 2*s - 4*x - 12, 2*x = u*s - 42. What is the units digit of s?
2
Suppose -4*j = j - 70. Suppose 5*m + 4 = j. What is the units digit of -4 + (m - -1) + 2?
1
Suppose -j = -5 - 4. Suppose -j = -3*d + 3*s, -2*d + 0*s + 16 = 3*s. What is the units digit of d?
5
Suppose -2 = -3*b + 4. Let l = 6 + b. Suppose l = -5*p + 33. What is the units digit of p?
5
Let m(g) = -g**3 - 3*g**2 - 2*g - 1. Let r be m(-1). Let k = 10 + r. What is the units digit of k?
9
Let g = 134 - 52. What is the units digit of g?
2
Let r = 53 - 27. Let k = 61 - r. What is the tens digit of k?
3
Let y(x) = x + 9. Let d be y(-6). Suppose 31 - 10 = d*j. What is the units digit of j?
7
Let t = -34 + 41. What is the units digit of t?
7
Let q(t) = -6*t - 9. Let g be q(-9). Suppose -5*v - g = -0*v. Let j = -3 - v. What is the units digit of j?
6
Let q(s) = -3*s**3 - s**2. Suppose 1 = -f, 3*f = -3*z - 3 - 3. What is the units digit of q(z)?
2
Suppose 0 = -3*r - 76 + 370. What is the tens digit of r?
9
Let q = -32 - -86. What is the tens digit of q?
5
Let j(f) = f**2 + 13*f + 10. Let l be j(-12). Let h be 0/(0 - (0 + 1)). Let s = h - l. What is the units digit of s?
2
Let r = 41 - 18. Let h = -15 + r. What is the units digit of h?
8
Let l(q) = -q**3 + 15*q**2 - 20*q + 22. What is the hundreds digit of l(13)?
1
Suppose 2*k = -0 + 4. Suppose t + 3*t = -5*n + 9, k*n + 3*t + 2 = 0. Suppose n*q + 0*q = 5. What is the units digit of q?
1
Suppose -3*f + 4*c + 669 = 0, 2*c + 2*c = f - 215. What is the hundreds digit of f?
2
Let w = -88 + 168. Suppose 0*p = -4*p + w. Suppose 10 = -5*l + p. What is the units digit of l?
2
Suppose 0 = -3*j - 2*j + 3*b + 185, 0 = -j - b + 45. Suppose n + j = 3*n. What is the tens digit of n?
2
Let v = -6 - -14. Suppose -1 = -2*t - p, -3*t + 5*p = -v + 39. What is the units digit of 6*(t/4 + 1)?
3
Suppose 5*d - 15 = 15. Suppose d = -w + 39. What is the units digit of w?
3
Let m(y) = -2*y**3 - 7*y**2 + 2*y + 41. Let b(f) = -f**3 - 4*f**2 + f + 21. Let j(o) = -5*b(o) + 3*m(o). What is the tens digit of j(0)?
1
Let v = -88 - -123. What is the tens digit of v?
3
Suppose 33 - 167 = -3*j + 2*h, 3*j - 129 = 3*h. Let c = 76 - j. What is the tens digit of c?
2
Let m be 9*(-1)/(3/(-7)). Suppose 5*y - 3*k = 583, y + 2*k = 4*y - 349. What is the tens digit of (y/m)/(2/6)?
1
Let j be (1 + (-3 - 2))/(-1). Suppose -4*w + j = 0, -w - 30 + 5 = -s. What is the units digit of s?
6
Suppose 4 = -0*v + 2*v. Suppose 4*z = -20, v*b - 65 = -3*b - 2*z. What is the tens digit of b?
1
Let k be (-43)/(-9) - 8/(-36). Let c(f) = 2*f - 1 - k*f + 0. What is the units digit of c(-3)?
8
Suppose -3*a + 5 = 2*c + 2, -4*c - 3*a + 3 = 0. Let l(h) = -6*h - 8. Let p be l(-6). Suppose c = -4*o + 12 + p. What is the tens digit of o?
1
Let q(r) = 7*r - 9. What is the tens digit of q(7)?
4
Suppose -3*h = 3*h - 858. What is the tens digit of h?
4
Suppose 0 = v - 5*v. Suppose v = -2*s - s + 27. Suppose -14 = 2*b - 4*p, -b - p + s = p. What is the units digit of b?
1
Let i be (94/(-3))/(10/15). Let l = i + 83. What is the tens digit of l?
3
Let w(h) = -6*h**3 + 9*h**2 + 11*h + 12. Let l(x) = -5*x**3 + 9*x**2 + 10*x + 11. Let i(d) = -7*l(d) + 6*w(d). What is the units digit of i(-9)?
1
Suppose 7 = 8*l - 7*l. What is the units digit of l?
7
Suppose 0 = 2*n - 3*n - 12. What is the units digit of n/(-30) + (-8)/(-5)?
2
What is the units digit of (8/(-24))/((-1)/51) + 3?
0
Let o = 6 - 7. Let c = o + 9. What is the units digit of c?
8
Let z = -69 + 129. What is the units digit of (z/9)/(-2)*-3?
0
Let i(g) = g**2 - 6*g + 8. Let l be i(6). Suppose -l*p = -3*p - 20. Let w = 2 + p. What is the units digit of w?
6
Let a(z) = -6*z + 1. Let g be a(6). Suppose -2*r - k - 46 = -0, 0 = -3*r - 3*k - 69. Let v = r - g. What is the tens digit of v?
1
Let t be -3*69/(-18)*-2. Let m = -21 - t. What is the units digit of m?
2
Let d = 3 - -48. What is the units digit of d?
1
Let h(m) = -3*m + 2*m**2 + 7*m**2 - 4*m**2 + 4 + 2. What is the units digit of h(3)?
2
Let o be 183/27 + 2/9. Let i(p) = 2*p - 6 + 2 - 5. What is the units digit of i(o)?
5
Let q = -5 + 19. Let k(y) = y**2 + 2*y - 7. Let j be k(-5). Let c = q - j. What is the units digit of c?
6
Let z(k) = k**3 - 11*k**2 - 12*k - 16. What is the units digit of z(14)?
4
Suppose -2 = 4*s - 22. Suppose -5*i + 168 = s*l + 68, 3*i - 5*l - 20 = 0. What is the units digit of i?
5
Let f = -2 + 2. Let x(t) = -3*t**2 + 3*t - 9. Let b(n) = -n**2 + n. Let m(p) = 2*b(p) - x(p). What is the units digit of m(f)?
9
Suppose 8 + 0 = -4*x. Let n(i) = -2*i - 2. Let q be n(x). Suppose -q*v = 2*v - 44. What is the units digit of v?
1
Let u(o) = -o**3 + 5*o**2 + o - 5. Let n be u(5). Suppose -t - 20 = -3*t + 2*m, n = -2*t - m + 8. What is the units digit of t?
6
Let b(z) = -z**2 + 1. Let d be b(0). Let w be 3*(-1)/(-3)*d. Suppose -v - w = -2. What is the units digit of v?
1
Let c(h) = -37*h + 16. What is the units digit of c(-6)?
8
Let k(h) = h**3 + h**2 - 2*h - 2. What is the tens digit of k(3)?
2
Suppose 6*o = o. Suppose -4*g + o = -4. What is the units digit of g*(-2 - -1 - -3)?
2
Suppose 4*l + 4*c = 3*l - 3, -5*c = -l + 15. Suppose -20 - 30 = -l*o + 5*v, 0 = -2*o + 5*v + 17. What is the tens digit of o?
1
What is the units digit of (-6)/(2 + 1) + 11?
9
What is the tens digit of (20*3 - 0) + -5?
5
Let k = -15 - -21. Let c be (-4)/4 - (0 - k). Suppose 5*m - 4*m = c. What is the units digit of m?
5
Let i = 9 - 4. Let z(u) = u - 2. Let y be z(i). Suppose -7*m + 8 = -y*m. What is the units digit of m?
2
Let p = -12 - -12. Suppose -4*j - 2*q + 56 = p, -q = -4*j + 39 + 5. What is the tens digit of j?
1
Let d be -8 + 9 + (1 - -2). Let q be -2*2/d + 5. Suppose q*s = 5*s - 4. What is the units digit of s?
4
Let m(d) = 95*d**3 - d**2 - d. What is the tens digit of m(1)?
9
Let r = -14 - -18. Let k(v) = v**2 - 4*v + 1. What is the units digit of k(r)?
1
Let i be -3*((-4)/3 + 2). Let r = i + 7. What is the units digit of r?
5
Suppose 54